hen 29406735 is divided by 204.
135
What is the remainder when 68310 is divided by 3402?
270
What is the remainder when 257390 is divided by 3675?
140
Calculate the remainder when 104032 is divided by 34675.
7
What is the remainder when 2214156 is divided by 88491?
1881
What is the remainder when 187769 is divided by 231?
197
What is the remainder when 5788 is divided by 2?
0
What is the remainder when 48980145 is divided by 67?
63
What is the remainder when 94564 is divided by 346?
106
What is the remainder when 945225 is divided by 16295?
115
What is the remainder when 58352 is divided by 1023?
41
What is the remainder when 1037553 is divided by 256?
241
Calculate the remainder when 37368896 is divided by 37368816.
80
What is the remainder when 950899 is divided by 237718?
27
What is the remainder when 27024 is divided by 12712?
1600
Calculate the remainder when 2841820 is divided by 473634.
16
What is the remainder when 1484973 is divided by 418?
237
Calculate the remainder when 713146 is divided by 1690.
1656
Calculate the remainder when 332461 is divided by 1591.
1533
Calculate the remainder when 5740 is divided by 1910.
10
Calculate the remainder when 3523585 is divided by 42.
37
Calculate the remainder when 17790625 is divided by 9128.
153
What is the remainder when 37532008 is divided by 30?
28
Calculate the remainder when 2568971 is divided by 856313.
32
Calculate the remainder when 333298 is divided by 142.
24
Calculate the remainder when 157609 is divided by 22463.
368
Calculate the remainder when 721889 is divided by 144377.
4
What is the remainder when 39939999 is divided by 2000?
1999
Calculate the remainder when 52361154 is divided by 1447.
12
Calculate the remainder when 589952 is divided by 1008.
272
What is the remainder when 1815476 is divided by 151267?
272
What is the remainder when 26014978 is divided by 15267?
10
What is the remainder when 352243 is divided by 250?
243
Calculate the remainder when 4908236 is divided by 145.
131
Calculate the remainder when 36875517 is divided by 64.
61
What is the remainder when 17710273 is divided by 326?
323
What is the remainder when 17887995 is divided by 1949?
73
Calculate the remainder when 12631151 is divided by 574142.
27
Calculate the remainder when 187757 is divided by 93596.
565
What is the remainder when 1337581 is divided by 668782?
17
What is the remainder when 521836 is divided by 3313?
1695
What is the remainder when 23789649 is divided by 49?
2
What is the remainder when 94261 is divided by 6270?
211
What is the remainder when 207832 is divided by 2445?
7
Calculate the remainder when 138428 is divided by 11485.
608
Calculate the remainder when 30486337 is divided by 1739.
1667
What is the remainder when 121751403 is divided by 60875686?
31
What is the remainder when 5782755 is divided by 722830?
115
Calculate the remainder when 52684184 is divided by 58.
0
Calculate the remainder when 57041 is divided by 1493.
307
What is the remainder when 3312778 is divided by 2077?
2040
What is the remainder when 307401 is divided by 23?
6
Calculate the remainder when 3931887 is divided by 81913.
63
What is the remainder when 807154 is divided by 85?
79
Calculate the remainder when 1463448 is divided by 162597.
75
What is the remainder when 1995922 is divided by 15006?
124
What is the remainder when 2332927 is divided by 7?
2
What is the remainder when 344820 is divided by 13792?
20
What is the remainder when 313452 is divided by 4590?
1332
Calculate the remainder when 205050 is divided by 6192.
714
Calculate the remainder when 23245386 is divided by 15293.
26
What is the remainder when 299920147 is divided by 24993345?
7
Calculate the remainder when 3630177 is divided by 674.
13
What is the remainder when 21918697 is divided by 13?
8
Calculate the remainder when 9034607 is divided by 2892.
2891
What is the remainder when 1699789 is divided by 424934?
53
Calculate the remainder when 29222 is divided by 7234.
286
What is the remainder when 1199960 is divided by 90?
80
Calculate the remainder when 663153 is divided by 5348.
1
Calculate the remainder when 400560 is divided by 30.
0
What is the remainder when 42019 is divided by 5181?
571
What is the remainder when 160678049 is divided by 102?
101
What is the remainder when 7360164 is divided by 1563?
1560
What is the remainder when 975650 is divided by 8558?
38
Calculate the remainder when 4143988 is divided by 774.
766
Calculate the remainder when 4951152 is divided by 19.
18
What is the remainder when 9459214 is divided by 1284?
1270
What is the remainder when 1111219 is divided by 1273?
1163
Calculate the remainder when 12034723 is divided by 78658.
49
Calculate the remainder when 1065188 is divided by 118.
2
Calculate the remainder when 3739675 is divided by 3936.
475
What is the remainder when 113386266 is divided by 11338626?
6
What is the remainder when 194716 is divided by 399?
4
What is the remainder when 468982 is divided by 43?
24
What is the remainder when 4164 is divided by 3276?
888
Calculate the remainder when 2177103751 is divided by 8.
7
What is the remainder when 1816753 is divided by 2?
1
Calculate the remainder when 4095890 is divided by 4095880.
10
Calculate the remainder when 40245 is divided by 11784.
4893
What is the remainder when 1175044 is divided by 169?
156
What is the remainder when 41652 is divided by 142?
46
Calculate the remainder when 34096645 is divided by 75.
70
Calculate the remainder when 5937190 is divided by 147.
7
Calculate the remainder when 420511 is divided by 87.
40
Calculate the remainder when 13424 is divided by 1341.
14
Calculate the remainder when 76670 is divided by 1050.
20
What is the remainder when 7658556 is divided by 64?
60
What is the remainder when 31266589 is divided by 1691?
1690
Calculate the remainder when 43727292 is divided by 47.
43
Calculate the remainder when 314181 is divided by 2992.
21
Calculate the remainder when 7607 is divided by 428.
331
Calculate the remainder when 161064977 is divided by 30720.
17
What is the remainder when 8709369 is divided by 217734?
9
What is the remainder when 12857678 is divided by 2571529?
33
What is the remainder when 14852186 is divided by 26?
24
What is the remainder when 1107101 is divided by 743?
31
Calculate the remainder when 92469 is divided by 9137.
1099
Calculate the remainder when 302995 is divided by 75733.
63
Calculate the remainder when 496355 is divided by 1410.
35
What is the remainder when 479564 is divided by 9?
8
What is the remainder when 93948 is divided by 2609?
24
What is the remainder when 383454 is divided by 43?
23
What is the remainder when 66453 is divided by 1094?
813
Calculate the remainder when 173537 is divided by 506.
485
What is the remainder when 4563743 is divided by 507082?
5
Calculate the remainder when 4277273 is divided by 8874.
5
What is the remainder when 159339 is divided by 31771?
484
What is the remainder when 255589 is divided by 33?
4
What is the remainder when 2248837 is divided by 2521?
105
Calculate the remainder when 222945344 is divided by 53.
49
Calculate the remainder when 96519 is divided by 8006.
447
Calculate the remainder when 891980 is divided by 891924.
56
What is the remainder when 102598 is divided by 11375?
223
What is the remainder when 1622981 is divided by 1015?
1011
What is the remainder when 549239431 is divided by 362?
361
What is the remainder when 24626626 is divided by 202?
200
Calculate the remainder when 4266260 is divided by 711030.
80
Calculate the remainder when 819503548 is divided by 982.
980
What is the remainder when 608964 is divided by 12446?
11556
Calculate the remainder when 403941839 is divided by 15.
14
Calculate the remainder when 60540662 is divided by 5.
2
Calculate the remainder when 12195007 is divided by 4065000.
7
Calculate the remainder when 4289028 is divided by 268063.
20
Calculate the remainder when 20404702 is divided by 4080933.
37
What is the remainder when 19023314 is divided by 300?
14
What is the remainder when 2639058 is divided by 343?
16
What is the remainder when 3803 is divided by 3458?
345
Calculate the remainder when 312177 is divided by 949.
905
Calculate the remainder when 375274093 is divided by 29.
28
What is the remainde